{"id":285,"date":"2017-09-29T16:11:39","date_gmt":"2017-09-29T14:11:39","guid":{"rendered":"http:\/\/www.cecbacaspe.es\/site\/?page_id=285"},"modified":"2017-10-02T19:43:33","modified_gmt":"2017-10-02T17:43:33","slug":"bajo-aragon-prehistoria-i","status":"publish","type":"page","link":"https:\/\/www.cecbacaspe.es\/site\/_publicaciones\/bajo-aragon-prehistoria-i\/","title":{"rendered":"Bajo Arag\u00f3n Prehistoria &#8211; I"},"content":{"rendered":"<ul>\n<li>Nuevo taller de s\u00edlex en \u00abEstancos\u00bb (Alcorisa) \/ Andr\u00e9s Alvarez Gracia, Juan Javier Enr\u00edquez Navascu\u00e9s (P\u00e1gs. 1 a 8)<\/li>\n<li>Aproximaci\u00f3n al Neol\u00edtico en Catalu\u00f1a \/ Araceli Mart\u00edn C\u00f3lliga ( P\u00e1gs. 9 a 16)<\/li>\n<li>Mas del Hambre : un poblado de la Primera Edad del Hierro \/ Francisco de A. Escudero, Andr\u00e9s Alvarez Gracia (P\u00e1gs. 17 a 34)<\/li>\n<li>Cer\u00e1micas acanaladas en Alcorisa (Teruel) \/ Andr\u00e9s Alvarez Gracia (P\u00e1gs. 35 a 47)<\/li>\n<li>Museo Arqueol\u00f3gico Provincial de Teruel : memoria de las actividades realizadas durante el a\u00f1o 1979 \/ P. Atri\u00e1n (P\u00e1gs 48 y 49)<\/li>\n<li>La \u00abNevera\u00bb de Od\u00f3n (Teruel) \/ U. Almaz\u00e1n (P\u00e1gs 50 y 51)<\/li>\n<\/ul>\n","protected":false},"excerpt":{"rendered":"<p>Nuevo taller de s\u00edlex en \u00abEstancos\u00bb (Alcorisa) \/ Andr\u00e9s Alvarez Gracia, Juan Javier Enr\u00edquez Navascu\u00e9s (P\u00e1gs. 1 a 8) Aproximaci\u00f3n al Neol\u00edtico en Catalu\u00f1a \/ Araceli Mart\u00edn C\u00f3lliga ( P\u00e1gs. 9 a 16) Mas del Hambre : un poblado de <span class=\"excerpt-dots\">&hellip;<\/span> <a class=\"more-link\" href=\"https:\/\/www.cecbacaspe.es\/site\/_publicaciones\/bajo-aragon-prehistoria-i\/\"><span class=\"more-msg\">Sigue leyendo &rarr;<\/span><\/a><\/p>\n","protected":false},"author":1,"featured_media":260,"parent":269,"menu_order":0,"comment_status":"closed","ping_status":"closed","template":"cecbac-publicacion.php","meta":{"_acf_changed":false,"footnotes":""},"acf":[],"_links":{"self":[{"href":"https:\/\/www.cecbacaspe.es\/site\/wp-json\/wp\/v2\/pages\/285"}],"collection":[{"href":"https:\/\/www.cecbacaspe.es\/site\/wp-json\/wp\/v2\/pages"}],"about":[{"href":"https:\/\/www.cecbacaspe.es\/site\/wp-json\/wp\/v2\/types\/page"}],"author":[{"embeddable":true,"href":"https:\/\/www.cecbacaspe.es\/site\/wp-json\/wp\/v2\/users\/1"}],"replies":[{"embeddable":true,"href":"https:\/\/www.cecbacaspe.es\/site\/wp-json\/wp\/v2\/comments?post=285"}],"version-history":[{"count":4,"href":"https:\/\/www.cecbacaspe.es\/site\/wp-json\/wp\/v2\/pages\/285\/revisions"}],"predecessor-version":[{"id":289,"href":"https:\/\/www.cecbacaspe.es\/site\/wp-json\/wp\/v2\/pages\/285\/revisions\/289"}],"up":[{"embeddable":true,"href":"https:\/\/www.cecbacaspe.es\/site\/wp-json\/wp\/v2\/pages\/269"}],"wp:featuredmedia":[{"embeddable":true,"href":"https:\/\/www.cecbacaspe.es\/site\/wp-json\/wp\/v2\/media\/260"}],"wp:attachment":[{"href":"https:\/\/www.cecbacaspe.es\/site\/wp-json\/wp\/v2\/media?parent=285"}],"curies":[{"name":"wp","href":"https:\/\/api.w.org\/{rel}","templated":true}]}}

Bajo Aragón Prehistoria &#8211; I

<ul>
<li>Nuevo taller de sílex en «Estancos» (Alcorisa) / Andrés Alvarez Gracia, Juan Javier Enríquez Navascués (Págs. 1 a 8)</li>
<li>Aproximación al Neolítico en Cataluña / Araceli Martín Cólliga ( Págs. 9 a 16)</li>
<li>Mas del Hambre : un poblado de la Primera Edad del Hierro / Francisco de A. Escudero, Andrés Alvarez Gracia (Págs. 17 a 34)</li>
<li>Cerámicas acanaladas en Alcorisa (Teruel) / Andrés Alvarez Gracia (Págs. 35 a 47)</li>
<li>Museo Arqueológico Provincial de Teruel : memoria de las actividades realizadas durante el año 1979 / P. Atrián (Págs 48 y 49)</li>
<li>La «Nevera» de Odón (Teruel) / U. Almazán (Págs 50 y 51)</li>
</ul>

<p>Nuevo taller de sílex en «Estancos» (Alcorisa) / Andrés Alvarez Gracia, Juan Javier Enríquez Navascués (Págs. 1 a 8) Aproximación al Neolítico en Cataluña / Araceli Martín Cólliga ( Págs. 9 a 16) Mas del Hambre : un poblado de <span class="excerpt-dots">&hellip;</span> <a class="more-link" href="https://www.cecbacaspe.es/site/_publicaciones/bajo-aragon-prehistoria-i/"><span class="more-msg">Sigue leyendo &rarr;</span></a></p>
