{"id":290,"date":"2017-10-02T16:51:51","date_gmt":"2017-10-02T14:51:51","guid":{"rendered":"http:\/\/www.cecbacaspe.es\/site\/?page_id=290"},"modified":"2023-01-19T19:36:34","modified_gmt":"2023-01-19T18:36:34","slug":"bajo-aragon-prehistoria-ii","status":"publish","type":"page","link":"https:\/\/www.cecbacaspe.es\/site\/_publicaciones\/bajo-aragon-prehistoria-ii\/","title":{"rendered":"Bajo Arag\u00f3n Prehistoria &#8211; II"},"content":{"rendered":"<ul>\n<li><b>Medio ambiente y culturas humanas durante el Pleistoceno y mitad del Holoceno en tierras castellonenses\u00a0<\/b>\/ Francesc Gusi Jener (P\u00e1gs. 7 a 20)<\/li>\n<li><b>El yacimiento de Pozo del Salto (Alcorisa, Teruel)<\/b>\u00a0\/ Andr\u00e9s Alvarez, L. Gasc\u00f3n (P\u00e1gs. 21 a 36)<\/li>\n<li><b>La espada de antenas de Alcorisa y la necr\u00f3polis de Fila de la Muela\u00a0<\/b>\/ Andr\u00e9s Alvarez, Juan Javier Enriquez, Javier Alom (P\u00e1gs. 37 a 53)<\/li>\n<li><b>El bronce de Contrebia<\/b>\u00a0\/ Guillermo Fatas (P\u00e1gs. 55 a 64)<\/li>\n<li><b>Otro lugar arqueol\u00f3gico con cer\u00e1mica del bronce en Calaceite<\/b>\u00a0\/ Manuel Sanz Mart\u00ednez (P\u00e1gs. 65 a 72)<\/li>\n<li><b>Consideraciones sobre el poblamiento prehist\u00f3rico del Alto Arag\u00f3n<\/b>\u00a0\/ Vicente Baldellou Mart\u00ednez (P\u00e1gs. 73 a 84)<\/li>\n<li><b>Un morillo en Mas del Hambre<\/b>\u00a0\/ S. Marcuello (P\u00e1gs. 85 a 88)<\/li>\n<\/ul>\n","protected":false},"excerpt":{"rendered":"<p>Medio ambiente y culturas humanas durante el Pleistoceno y mitad del Holoceno en tierras castellonenses\u00a0\/ Francesc Gusi Jener (P\u00e1gs. 7 a 20) El yacimiento de Pozo del Salto (Alcorisa, Teruel)\u00a0\/ Andr\u00e9s Alvarez, L. Gasc\u00f3n (P\u00e1gs. 21 a 36) La espada <span class=\"excerpt-dots\">&hellip;<\/span> <a class=\"more-link\" href=\"https:\/\/www.cecbacaspe.es\/site\/_publicaciones\/bajo-aragon-prehistoria-ii\/\"><span class=\"more-msg\">Sigue leyendo &rarr;<\/span><\/a><\/p>\n","protected":false},"author":1,"featured_media":278,"parent":269,"menu_order":0,"comment_status":"closed","ping_status":"closed","template":"Publicacion.php","meta":{"_acf_changed":false,"footnotes":""},"acf":[],"_links":{"self":[{"href":"https:\/\/www.cecbacaspe.es\/site\/wp-json\/wp\/v2\/pages\/290"}],"collection":[{"href":"https:\/\/www.cecbacaspe.es\/site\/wp-json\/wp\/v2\/pages"}],"about":[{"href":"https:\/\/www.cecbacaspe.es\/site\/wp-json\/wp\/v2\/types\/page"}],"author":[{"embeddable":true,"href":"https:\/\/www.cecbacaspe.es\/site\/wp-json\/wp\/v2\/users\/1"}],"replies":[{"embeddable":true,"href":"https:\/\/www.cecbacaspe.es\/site\/wp-json\/wp\/v2\/comments?post=290"}],"version-history":[{"count":1,"href":"https:\/\/www.cecbacaspe.es\/site\/wp-json\/wp\/v2\/pages\/290\/revisions"}],"predecessor-version":[{"id":291,"href":"https:\/\/www.cecbacaspe.es\/site\/wp-json\/wp\/v2\/pages\/290\/revisions\/291"}],"up":[{"embeddable":true,"href":"https:\/\/www.cecbacaspe.es\/site\/wp-json\/wp\/v2\/pages\/269"}],"wp:featuredmedia":[{"embeddable":true,"href":"https:\/\/www.cecbacaspe.es\/site\/wp-json\/wp\/v2\/media\/278"}],"wp:attachment":[{"href":"https:\/\/www.cecbacaspe.es\/site\/wp-json\/wp\/v2\/media?parent=290"}],"curies":[{"name":"wp","href":"https:\/\/api.w.org\/{rel}","templated":true}]}}

Bajo Aragón Prehistoria &#8211; II

<ul>
<li><b>Medio ambiente y culturas humanas durante el Pleistoceno y mitad del Holoceno en tierras castellonenses </b>/ Francesc Gusi Jener (Págs. 7 a 20)</li>
<li><b>El yacimiento de Pozo del Salto (Alcorisa, Teruel)</b> / Andrés Alvarez, L. Gascón (Págs. 21 a 36)</li>
<li><b>La espada de antenas de Alcorisa y la necrópolis de Fila de la Muela </b>/ Andrés Alvarez, Juan Javier Enriquez, Javier Alom (Págs. 37 a 53)</li>
<li><b>El bronce de Contrebia</b> / Guillermo Fatas (Págs. 55 a 64)</li>
<li><b>Otro lugar arqueológico con cerámica del bronce en Calaceite</b> / Manuel Sanz Martínez (Págs. 65 a 72)</li>
<li><b>Consideraciones sobre el poblamiento prehistórico del Alto Aragón</b> / Vicente Baldellou Martínez (Págs. 73 a 84)</li>
<li><b>Un morillo en Mas del Hambre</b> / S. Marcuello (Págs. 85 a 88)</li>
</ul>

<p>Medio ambiente y culturas humanas durante el Pleistoceno y mitad del Holoceno en tierras castellonenses / Francesc Gusi Jener (Págs. 7 a 20) El yacimiento de Pozo del Salto (Alcorisa, Teruel) / Andrés Alvarez, L. Gascón (Págs. 21 a 36) La espada <span class="excerpt-dots">&hellip;</span> <a class="more-link" href="https://www.cecbacaspe.es/site/_publicaciones/bajo-aragon-prehistoria-ii/"><span class="more-msg">Sigue leyendo &rarr;</span></a></p>
