{"id":37,"date":"2017-02-15T18:42:49","date_gmt":"2017-02-15T17:42:49","guid":{"rendered":"http:\/\/www.cecbacaspe.es\/site\/?page_id=37"},"modified":"2017-10-23T20:34:53","modified_gmt":"2017-10-23T18:34:53","slug":"contacto","status":"publish","type":"page","link":"https:\/\/www.cecbacaspe.es\/site\/contacto\/","title":{"rendered":"Contacto"},"content":{"rendered":"<table id=\"table1\" border=\"0\" width=\"100%\" cellspacing=\"10\">\n<tbody>\n<tr>\n<td colspan=\"2\" align=\"center\"><b><span style=\"font-family: Arial; font-size: large;\">Contacte con nosotros<\/span><\/b><\/td>\n<\/tr>\n<tr>\n<td width=\"21%\"><b><span style=\"font-family: Arial; font-size: small;\">Por tel\u00e9fono &#8230;&#8230;&#8230;&#8230;&#8230;&#8230;&#8230;<\/span><\/b><\/td>\n<td width=\"74%\"><b><span style=\"font-family: Arial; font-size: small;\">976 63 90 88<\/span><\/b><\/td>\n<\/tr>\n<tr>\n<td width=\"21%\"><b><span style=\"font-family: Arial; font-size: small;\">Por correo electr\u00f3nico &#8230;..<\/span><\/b><\/td>\n<td width=\"74%\"><a href=\"mailto:administracion@cecbacaspe.es\"><b>administracion@cecbacaspe.es<\/b><\/a><\/td>\n<\/tr>\n<tr>\n<td width=\"21%\"><b><span style=\"font-family: Arial; font-size: small;\">Por correo tradicional&#8230;&#8230;.<\/span><\/b><\/td>\n<td width=\"74%\"><b><span lang=\"ES-TRAD\">Casa Piazuelo-Barber\u00e1n. Glorieta de <\/span>Jos\u00e9 <span lang=\"ES-TRAD\">Besteiro. Apartado de correos n\u00ba 9. 50700 \u2013 Caspe (Zaragoza). Espa\u00f1a<\/span><\/b><\/td>\n<\/tr>\n<tr>\n<td width=\"21%\"><b><span style=\"font-family: Arial; font-size: small;\">Personalmente&#8230;&#8230;&#8230;&#8230;&#8230;&#8230;<\/span><\/b><\/td>\n<td width=\"74%\"><b><span style=\"font-family: Arial; font-size: small;\">Vis\u00edtenos en <\/span><span lang=\"ES-TRAD\">Casa Piazuelo-Barber\u00e1n. Glorieta de <\/span>Jos\u00e9 <span lang=\"ES-TRAD\">Besteiro<\/span>, en <span lang=\"ES-TRAD\">\u00a0Caspe (Zaragoza). Espa\u00f1a<\/span><span lang=\"es\">,<\/span><\/b><\/td>\n<\/tr>\n<tr>\n<td width=\"21%\"><\/td>\n<td width=\"74%\"><b><span style=\"color: #000080; font-family: Arial; font-size: small;\">Estamos a su disposici\u00f3n, lunes, mi\u00e9rcoles y viernes entre las siete y las nueve y\u00a0media\u00a0de la tarde<\/span><\/b><\/td>\n<\/tr>\n<\/tbody>\n<\/table>\n<p><iframe loading=\"lazy\" style=\"border: 0px currentColor;\" src=\"https:\/\/www.google.com\/maps\/embed?pb=!1m0!3m2!1ses!2ses!4v1487180539631!6m8!1m7!1sfNzlJCZN24-QXbi26LNC9g!2m2!1d41.23640598644499!2d-0.03996454453954357!3f5.624101999144273!4f-6.8818595049012!5f0.7820865974627469\" width=\"600\" height=\"450\" frameborder=\"0\" allowfullscreen=\"allowfullscreen\"><\/iframe><\/p>\n","protected":false},"excerpt":{"rendered":"<p>Contacte con nosotros Por tel\u00e9fono &#8230;&#8230;&#8230;&#8230;&#8230;&#8230;&#8230; 976 63 90 88 Por correo electr\u00f3nico &#8230;.. administracion@cecbacaspe.es Por correo tradicional&#8230;&#8230;. Casa Piazuelo-Barber\u00e1n. Glorieta de Jos\u00e9 Besteiro. Apartado de correos n\u00ba 9. 50700 \u2013 Caspe (Zaragoza). Espa\u00f1a Personalmente&#8230;&#8230;&#8230;&#8230;&#8230;&#8230; Vis\u00edtenos en Casa Piazuelo-Barber\u00e1n. Glorieta <span class=\"excerpt-dots\">&hellip;<\/span> <a class=\"more-link\" href=\"https:\/\/www.cecbacaspe.es\/site\/contacto\/\"><span class=\"more-msg\">Sigue leyendo &rarr;<\/span><\/a><\/p>\n","protected":false},"author":1,"featured_media":0,"parent":0,"menu_order":0,"comment_status":"closed","ping_status":"closed","template":"","meta":{"_acf_changed":false,"footnotes":""},"acf":[],"_links":{"self":[{"href":"https:\/\/www.cecbacaspe.es\/site\/wp-json\/wp\/v2\/pages\/37"}],"collection":[{"href":"https:\/\/www.cecbacaspe.es\/site\/wp-json\/wp\/v2\/pages"}],"about":[{"href":"https:\/\/www.cecbacaspe.es\/site\/wp-json\/wp\/v2\/types\/page"}],"author":[{"embeddable":true,"href":"https:\/\/www.cecbacaspe.es\/site\/wp-json\/wp\/v2\/users\/1"}],"replies":[{"embeddable":true,"href":"https:\/\/www.cecbacaspe.es\/site\/wp-json\/wp\/v2\/comments?post=37"}],"version-history":[{"count":3,"href":"https:\/\/www.cecbacaspe.es\/site\/wp-json\/wp\/v2\/pages\/37\/revisions"}],"predecessor-version":[{"id":300,"href":"https:\/\/www.cecbacaspe.es\/site\/wp-json\/wp\/v2\/pages\/37\/revisions\/300"}],"wp:attachment":[{"href":"https:\/\/www.cecbacaspe.es\/site\/wp-json\/wp\/v2\/media?parent=37"}],"curies":[{"name":"wp","href":"https:\/\/api.w.org\/{rel}","templated":true}]}}